- 4 - (15 + -32 + 2 + 13).
4
What is the value of 12 - 2 - ((23 - 16) + (-7 - (2 + 1)))?
13
Evaluate (55 - 31) + -19 - ((2 - 31) + -2).
36
What is the value of 5 + 10 + (1385 - 1320)?
80
What is -26 + 2 + 20 + -9 - 8?
-21
Calculate 81 + -240 + -11 + 126.
-44
What is 1 - -93 - (-24652 - -24606)?
140
What is the value of 722 - 706 - (-4 + -5 + 4 + 0 + -9)?
30
What is 36 - (13 + -20 + 21) - 79?
-57
Calculate (30 - 16 - -68) + -42 - (0 + -6).
46
Evaluate 30 - ((-510 - -483) + -2 + 10).
49
Calculate -3 - -12 - (41 + -19) - -43.
30
-6 - ((-21 - (-132 + 110)) + (0 - -7) + -1)
-13
Calculate 3 + 24 - (-14 - -30 - 28).
39
Calculate 13 + (13 - 24) - (7 + (16 - -1)).
-22
What is -14 + (-9 + -8 + 21 - -2) - (-45 + 35)?
2
What is the value of 7 - (15 - -5) - 10 - 9 - (0 - 6)?
-26
Calculate 160 - (109 + 79) - (2 + 0 + 2).
-32
What is the value of -93 + 132 - (10 - -4)?
25
Calculate -138 + -2 - (7141 - 7292).
11
Evaluate -80 - 4 - (-918 + 753).
81
Evaluate (6 - 27) + -61 + -19.
-101
Evaluate 2 - (97 + (23 + -44 + 24 - (1 - -1))).
-96
(3 - (-16 - (11 + -34))) + 8
4
Evaluate 10 - 4 - 2 - (20 - 18 - -21 - 33).
14
Calculate ((34 - 69) + 30 - (2 - 0)) + -39.
-46
Evaluate (24 - 30 - (1 - -1)) + (-376 - -363).
-21
What is (97 - 84) + (-5 - -46)?
54
-74 + 85 + (-4 - 1) + 5 + -3
8
Calculate -14 - (-35 - -54 - 21).
-12
Calculate -76 + 48 + -23 + -3.
-54
Evaluate 70 + (73 - 52) + 9 + -48.
52
Calculate 90 + 6 + -104 - ((-3 - -2) + (-1 - -127)).
-133
What is the value of 171 + -173 + (-14 - (-16 + -10))?
10
What is (-8 - -3) + (-74 - -7) + 54?
-18
What is 2 + -1 + 62 + -9 + -50?
4
What is the value of -8 + (-1149 - -1138 - (-10 + 2))?
-11
Calculate (41 - (-22 + 33) - -2 - 21) + (1 - -16).
28
Calculate -16 - (7 + 1 + 4 + -24 + 140).
-144
What is the value of -4079 - -4059 - (1 - (1 + 1))?
-19
Evaluate -59 - ((54 - 171) + 110).
-52
What is the value of 4 - (45 - (2 + -20 + 19 + -22 + 12))?
-50
Calculate -15 - (-2 + 1 + 0 + 20).
-34
-11 - -71 - (35 + -5 - 9)
39
What is (-4 - (-6 + 0) - 2) + (-6 - -13) - 71?
-64
Evaluate (3 - (-21 + (59 - 10) + -28)) + 105 + 1.
109
-145 - -172 - (121 + -11)
-83
What is -10 - (109 + -49 - -14)?
-84
Evaluate (34 - (-35 + 50 - -27)) + (-1 - (-94 - 1)).
86
Calculate (3 - -1) + -28 + (-14 - -11) + 21.
-6
Calculate 83 + -165 - (-7 + 6 + 2 + -17 + 6).
-72
-1 + -81 - (8656 - 8651)
-87
56 + -98 + 46 + 16
20
(25 - -35) + -51 - -32
41
What is (-6 + 7 - -5) + 3 - (4 + -3)?
8
15 - (-32 - 5 - -39 - -22)
-9
Evaluate 11 - -117 - (-74 - -131).
71
-9 - 6 - (-29 - -23) - (4 + 24)
-37
What is (1 + (-10 - 15) - (-29 + 14)) + (55 - 1)?
45
What is the value of -35 - -3 - (-872 - -877)?
-37
-1 - (-3 - -2) - (575 - 625)
50
What is the value of (-73 - -133 - 39) + -1 + 31?
51
Evaluate 914 + -1007 + 49 + 1.
-43
What is the value of -41 - 76 - -49 - -49?
-19
Calculate -30 + -66 + 118 + 14.
36
-17 - (48 - (2 + -18)) - (-1 - -4)
-84
Calculate 37 - (32 + (22 - -28)).
-45
Evaluate -22 - (40 + (26 - 102)).
14
What is the value of -25 - ((-27 - -41) + -38 - -25)?
-26
What is the value of 96 - (25 - -17) - (-10 - (-1 - 14))?
49
What is the value of 23 + -22 - (-17 + (24 - 2))?
-4
(0 + (15 - 8) - 39 - -2) + -142 + 138
-34
Calculate (37 - 10) + -36 - (-5 - -60).
-64
Evaluate -142 + -15 + -66 + 131.
-92
Calculate 20 + -93 + (-176 - -229).
-20
(-2 + 5 - 0) + (-2 - 6) - (-408 - -378)
25
-15 - (0 + -4) - (227 + -243)
5
11 + (-47 + 21 + -10 - 10)
-35
What is -2 + (32 - 33) - (13 - 11)?
-5
-7 - ((5 - 1) + (-84 - (-56 + 30)))
47
-56 - (-92 + (-7 - -62))
-19
Evaluate -28 - 19 - -46 - (0 - 3 - -36).
-34
Evaluate (54 - (32 - 31)) + -7 + 8 + -7.
47
What is (121 + -167 - -104) + (-23 - -3)?
38
Evaluate 312 - 277 - (9 + 17).
9
Calculate 10 + 27 - (-7 - -28) - (-3 + 132).
-113
Evaluate (-6 - 1 - -20 - -17 - 1) + 13.
42
What is (-3 - (50 - 23 - 50)) + 31?
51
What is the value of -132 + 8 + (135 - 57)?
-46
Evaluate 141 - (28 + (130 - 108)).
91
Evaluate (139 + -41 + -101 - (-1 - -1 - -5)) + 22.
14
Evaluate -27 + 13 + 6 + -19.
-27
What is the value of -81 + -50 + 152 + -43?
-22
What is the value of (-1 - 1 - -2) + (149 - 121)?
28
Calculate -2 - 4 - (-101 + -2 + (-15 - (-16 - 14))).
82
What is the value of -4 + 79 - 38 - (1 - (7 + 0))?
43
85 + 79 + -37 + -35 + 9
101
What is -186 + 37 - ((3 - -5) + -55)?
-102
Evaluate -29 - (-53 - (-1 + -34) - 1).
-10
Evaluate (-4 - -12) + (394 - 473) + (7 - 1).
-65
What is the value of 40 + (40 - 45) + -63?
-28
What is the value of (0 - (-2 + 4)) + (-254 - -234) - -9?
-13
Calculate 27 + 13 + -48 + -7.
-15
Calculate -27 + 27 + (-46 - -15) + -36.
-67
What is the value of (41 + -10 - 22) + 1 - (0 + 9)?
1
What is -98 + (-47 - (-72 + -31))?
-42
Evaluate 6 - ((-7 - -2) + (0 - -67 - (-200 + 197))).
-59
Evaluate -24 + 53 + 29 + 65 + -123.
0
Calculate -21 + (2 - 6) + (-9 - (-9 + 9)).
-34
Evaluate (3 - 3 - -3) + 2 + -32 + 23 + -38.
-42
What is the value of -2 + 72 + (-64 - 39) + 90?
57
Calculate -44 + -1462 + 1576 + (16 - 1).
85
What is (-39 - 17) + -5 - (-16 - -4)?
-49
Evaluate (53 - -34) + -46 + -26.
15
(27 - (-6 + -5)) + -4 - -50
84
Calculate (-12 - (40 - (-7 + 32))) + (2 - 0).
-25
Evaluate 0 + (29 - -1) + 2 + (-104 - -127 - 28).
27
Evaluate -68 + 31 + 106 + -3 + 18.
84
-3 + (-18 - 10) + 23 + 31 + -2
21
What is the value of -1 + 1 + -25 - (-295 + -45 + 227)?
88
Evaluate -25 - (-134 - (-1 + -25) - -13).
70
Evaluate 4 + (-49 - 2 - (36 - 57)).
-26
Calculate (-477 - -469) + (37 - 6).
23
Evaluate 7 + (-88 - -161) - 36.
44
What is (-32 - (224 + -179)) + -5 + -1?
-83
Calculate 13 - (-11 + (-3 - 8 - 8)).
43
What is the value of (-24 + 10 + 16 - 9) + -127?
-134
Calculate (91 - 68) + -143 + 7 + 7.
-106
What is (-60 - (-56 + 39 + (14 - 2))) + 12?
-43
What is (23 + -51 - (-13 + -57)) + 11?
53
Calculate 24 - (24 + -25 + -1 + -1) - (-21 + 30).
18
What is -9 - 1 - (-40 + 24)?
6
-2211 + 2194 + 2 + 15
0
Calculate (85 - 0) + -215 + 491 + -283.
78
Calculate -13 - (19 + (20 - (2 - -15))).
-35
Evaluate -6 - (-79 + (7 - -7) + 0 + 4).
55
What is the value of 0 + 12 - ((-28 - -24 - -13) + 24)?
-21
8 - (-2 + (15 - -2) + (-29 - -17) - -1)
4
Evaluate -18 - -3 - (5 - (29 + -20) - -20).
-31
What is -1443 + 1451 + -48 + -1?
-41
Calculate -7 + (88 - 69 - -19).
31
What is -109 + 35 - (13 + -13 - (5 + 4))?
-65
What is the value of -29 - 0 - (-26 + 16 + -6)?
-13
-16 + -54 + 45 + 60
35
Calculate 0 - (39 + -31 + (-2 - 11)) - (2 + 46).
-43
Calculate 122 + 9 + (73 - 138).
66
Evaluate 599 + -579 + (-4 - 59) + 4.
-39
What is the value of (-17 - -29) + -19 + -2 + (-1 - 4) - 0?
-14
(-1 - -1) + 5 + (-6 - 3) - (-283 - -300)
-21
What is the value of -19 - (1 + -13 + 0 + 17 - -12)?
-36
What is the value of (26 - -74) + -173 + 119?
46
Evaluate -9 + ((-7 - 0) + -1 - 8) + 8.
-17
What is the value of -44 + (-22 - -48) + 8?
-10
What is the value of -73 - (-105 + -34) - -8?
74
Calculate -58 - (-9 + (-22 - -19)) - -19.
-27
What is 54 - (38 + -9 + -10 - 4)?
39
Evaluate (-3 - (15 - (-18 - (-1 - 33)))) + (1 - 21).
-22
Calculate -66 + 27 + (6 - 15 - -5 - -4).
-39
Calculate 43 - (24 + (-23 - -10) + -36).
68
What is the value of (122 - 70) + -8 + -10?
34
What is -1294 - -1267 - (-47 + 1) - -20?
39
(-1439 - -1430) + (0 - -65)
56
Calculate 9 + (-2 + -1 + 10 - 0).
16
What is the value of (-15 + 10 - -44 - -4) + -7?
36
(85 - -33) + 7 + (-8 - 36)
81
What is -3 - (-4 - 9) - 3 - (67 - 110 - 26)?
76
What is the value of -1044 - -1069 - (-11 + 2 + -2 + -2)?
38
What is the value of (27 - (77 + -27)) + -2 + (-3 - -4)?
-24
Evaluate 39 - (2 + -10 + (3 - 7) + 16 + -12).
47
(69 - 71) + -10 + 58
46
Evaluate 100 - 1 - (4599 + -4569).
69
Calculate 0 + 4 + -55 + (-106 - -150) - 1.
-8
Evaluate 1 + 7 + (6 - (6 + 0)) - 77.
-69
What is the value of (55 - (-108 + 137)) + (-117 - 3)?
-94
Calculate (-10 + 8 + -6 - -43) + (5 - 1).
39
Evaluate 36 - (-38 - (-152 - -57)).
-21
Calculate (-11 - (-128 + 117 - (-5 + (-3 - -3)))) + 76.
71
What is -1 - -7 - (8 - (-5 + 8) - -1 - 11)?
11
Calculate 17 - (-33 + (46 - 10)).
14
Evaluate (-6 + 38 - 9) + (-52 - -67).
38
What is 52 + 13 + -12 + 8 + -2 + 5 + -6?
58
Calculate -63 + 45 + -13 - (-2 - 117).
88
Calculate 90 - ((-51 - (13 - 37)) + (-4 - (-18 + -2))).
101
What is the value of 2 + 2 + 38 + (8 - 22) + -39?
-11
Evaluate (-4 - -46) + (-3 + -6 - -4 - 0) - 3.
34
Calculate -63 + -23 - (58 + (-100 - -43)).
-87
44 - (